is -1200112 (base 3) in base 8?
-2315
What is 41241 (base 5) in base 4?
222020
Convert -3517 (base 9) to base 12.
-1614
Convert -2703 (base 15) to base 10.
-8328
What is -10553 (base 9) in base 4?
-1231212
Convert -910c (base 13) to base 10.
-19954
Convert -1296 (base 14) to base 4.
-303010
-1565 (base 10) to base 5
-22230
21231033 (base 4) to base 7
223626
What is 2550 (base 6) in base 12?
456
-3430 (base 5) to base 14
-270
-102222120 (base 3) to base 11
-6622
Convert -205 (base 11) to base 10.
-247
145232 (base 6) to base 2
11011100110100
-6045 (base 10) to base 3
-22021220
Convert 30211302 (base 4) to base 16.
c972
-144144 (base 6) to base 4
-3121000
What is -bbb (base 13) in base 2?
-11111011101
What is 23424 (base 7) in base 12?
35b9
Convert -534 (base 12) to base 4.
-23320
151a (base 12) to base 11
1946
What is 695 (base 15) in base 2?
10111010010
Convert -13a (base 16) to base 13.
-1b2
Convert -722 (base 12) to base 13.
-617
What is -1854 (base 15) in base 8?
-12206
What is 5311 (base 7) in base 13?
b0b
What is 330423 (base 5) in base 4?
2301203
54065 (base 7) to base 13
6158
-330423 (base 7) to base 11
-3a4aa
What is -145513 (base 6) in base 10?
-14229
Convert 7632 (base 9) to base 7.
22244
-44040 (base 6) to base 10
-6072
Convert 621 (base 8) to base 3.
112212
What is -13a0 (base 13) in base 6?
-21042
13346 (base 14) to base 6
1002550
What is -231 (base 7) in base 3?
-11110
What is 483 (base 13) in base 12?
553
Convert -33305 (base 6) to base 15.
-159e
Convert 100000011001101 (base 2) to base 8.
40315
-15221 (base 7) to base 4
-1002011
Convert 2113 (base 14) to base 12.
3371
1500 (base 12) to base 16
990
Convert -32301 (base 4) to base 3.
-1022000
What is -332 (base 11) in base 7?
-1106
What is -4aa1 (base 12) in base 9?
-12554
Convert -2101113 (base 4) to base 9.
-13676
What is -d90 (base 14) in base 5?
-41144
Convert -437 (base 16) to base 11.
-8a1
402 (base 9) to base 5
2301
Convert -634 (base 8) to base 2.
-110011100
5c (base 16) to base 10
92
-212 (base 3) to base 11
-21
What is -133254 (base 6) in base 10?
-12418
Convert 19cc7 (base 13) to base 6.
1025525
436 (base 11) to base 13
313
1a17 (base 12) to base 13
15b2
1ab7 (base 15) to base 4
1122211
-111431 (base 5) to base 2
-111110010111
Convert a414 (base 13) to base 16.
5887
What is -3b0e (base 15) in base 13?
-5984
Convert -103312 (base 5) to base 6.
-24330
What is -121102 (base 3) in base 15?
-1e8
What is -4155 (base 9) in base 11?
-2320
-3921 (base 10) to base 16
-f51
-23212002 (base 4) to base 2
-1011100110000010
Convert 10010111100111 (base 2) to base 15.
2d1d
Convert -79 (base 15) to base 3.
-11020
9675 (base 11) to base 3
122112121
421 (base 10) to base 9
517
What is -29631 (base 10) in base 4?
-13032333
1311 (base 4) to base 9
140
What is 102 (base 14) in base 12?
146
1001000010000101 (base 2) to base 9
55667
30c (base 15) to base 8
1257
Convert 7986 (base 12) to base 15.
3ee9
Convert 1433 (base 7) to base 9.
685
What is 1434410 (base 5) in base 15?
9105
Convert -495 (base 10) to base 16.
-1ef
What is 12 (base 9) in base 16?
b
2200022 (base 3) to base 11
1515
What is -14382 (base 10) in base 4?
-3200232
-2101220101 (base 3) to base 14
-13358
Convert 4220 (base 6) to base 14.
4ba
Convert 1dd (base 15) to base 13.
274
What is -132133 (base 4) in base 11?
-1514
-2412 (base 5) to base 6
-1353
Convert -5609 (base 12) to base 5.
-301023
What is -11359 (base 10) in base 12?
-66a7
-110110222 (base 3) to base 11
-6921
What is 932 (base 12) in base 6?
10102
What is -1454 (base 12) in base 11?
-1863
1001010011 (base 2) to base 6
2431
-22000110 (base 3) to base 10
-5844
Convert 12022002 (base 3) to base 15.
1228
What is 145652 (base 8) in base 11?
36199
a4ec (base 15) to base 6
425240
1207 (base 12) to base 16
7e7
Convert 1789 (base 16) to base 10.
6025
What is -2d2 (base 15) in base 11?
-539
Convert 4d (base 15) to base 10.
73
What is 4607 (base 8) in base 13?
1158
4e0 (base 16) to base 2
10011100000
-47957 (base 10) to base 4
-23231111
What is -9876 (base 15) in base 14?
-baa2
Convert 6231 (base 15) to base 9.
31411
Convert -a44 (base 12) to base 5.
-21432
What is -5959 (base 11) in base 14?
-2bba
275 (base 15) to base 5
4220
What is -8b1 (base 16) in base 10?
-2225
Convert 1786b (base 12) to base 8.
102423
What is 101100100000011 (base 2) in base 11?
16136
131231 (base 4) to base 3
2121102
What is -366 (base 10) in base 9?
-446
What is 30202 (base 4) in base 8?
1442
Convert -2637 (base 11) to base 8.
-6544
39d (base 16) to base 15
41a
-1100110 (base 3) to base 11
-815
-1bb5 (base 14) to base 10
-5059
11020000 (base 3) to base 8
6006
Convert -110001111101000 (base 2) to base 3.
-1022002021
What is 1370 (base 9) in base 12?
723
-21110000 (base 3) to base 6
-41043
Convert -24502 (base 7) to base 12.
-3871
Convert -22110122 (base 3) to base 11.
-4702
Convert -100110101010100 (base 2) to base 10.
-19796
What is 3617 (base 8) in base 10?
1935
28d (base 16) to base 13
3b3
Convert -144 (base 9) to base 3.
-11111
What is 4014 (base 7) in base 9?
1806
-1125 (base 7) to base 6
-1523
Convert -21124 (base 6) to base 3.
-10220221
Convert -857 (base 12) to base 10.
-1219
What is 1b46 (base 14) in base 9?
6723
Convert -10234 (base 6) to base 10.
-1390
-122121 (base 4) to base 5
-23224
Convert -11270 (base 10) to base 13.
-518c
What is 738 (base 11) in base 5?
12023
What is -203401 (base 6) in base 5?
-1010340
Convert 4301 (base 7) to base 10.
1520
What is 1460 (base 7) in base 4?
21011
-742 (base 10) to base 15
-347
-977 (base 10) to base 4
-33101
What is -3054 (base 7) in base 8?
-2054
-6e1 (base 15) to base 5
-22221
Convert -33667 (base 8) to base 2.
-11011110110111
What is 3c7c (base 15) in base 6?
135530
What is 13325 (base 7) in base 5?
103341
What is 241 (base 5) in base 3?
2122
a56 (base 11) to base 5
20041
What is -1228 (base 9) in base 5?
-12132
What is 631 (base 12) in base 6?
4101
What is -36b (base 16) in base 10?
-875
Convert -9442 (base 10) to base 12.
-556a
What is -2214 (base 11) in base 13?
-1437
What is -11011001 (base 2) in base 9?
-261
10000010011111 (base 2) to base 14
3087
What is 19183 (base 11) in base 10?
26832
What is -13221 (base 4) in base 10?
-489
What is 2347 (base 12) in base 6?
30131
Convert -1047 (base 10) to base 5.
-13142
What is -10100101001 (base 2) in base 9?
-1727
-32a5 (base 13) to base 8
-15630
103202 (base 4) to base 13
752
What is -311246 (base 7) in base 6?
-1050425
Convert 205043 (base 7) to base 13.
13130
What is -427 (base 10) in base 6?
-1551
What is -114011 (base 7) in base 10?
-20588
Convert -1625 (base 8) to base 2.
-1110010101
What is -10011111011010 (base 2) in base 6?
-115122
Convert 2222120 (base 3) to base 9.
2876
-3868 (base 11) to base 13
-23a4
What is 671 (base 8) in base 10?
441
Convert 79c (base 15) to base 10.
1722
Convert 221002 (base 3) to base 9.
832
What is 148e (base 16) in base 6?
40210
-8a1 (base 14) to base 2
-11010101101
2ba96 (base 12) to base 2
1111001001010010
Convert -193a7 (base 12) to base 11.
-25758
Convert -2434 (base 5) to base 7.
-1035
What is 3670 (base 8) in base 10?
1976
Convert -1000142 (base 5) to base 6.
-200320
Convert -214153 (base 6) to base 11.
-123a5
-3a (base 11) to base 6
-111
What is 120500 (base 6) in base 11?
7a1a
Convert -622 (base 13) to base 8.
-2022
What is b2b9 (base 14) in base 11?
21105
-410152 (base 6) to base 7
-163442
What is 17367 (base 9) in base 15?
382d
Convert -1553 (base 6) to base 11.
-360
77b (base 14) to base 7
4214
What is 10110120 (base 3) in base 8?
4736
What is 836 (base 11) in base 14?
51d
Convert -1ea (base 15) to base 13.
-283
-251 (base 10) to base 9
-308
-2a2ba (base 12) to base 14
-177d4
What is 522 (base 10) in base 13?
312
What is bd0 (base 16) in base 15?
d69
What is -10110111010 (base 2) in base 16?
-5ba
-31a (base 16) to base 8
-1432
Convert 2211002 (base 3) to base 14.
a6a
What is 11101011110100 (base 2) in base 12?
8898
Convert -6160 (base 8) to base 14.
-1236
Convert -960 (base 13) to base 12.
-b13
What is -1c1 (base 15) in base 8?
-626
What is 12 (base 6) in base 14?
8
What is -36321 (base 9) in base 6?
-304331
Convert 1045 (base 6) to base 14.
137
Convert -21103 (base 6) to base 9.
-3813
Convert 10010 (base 4) to base 9.
318
What is 30a2 (base 16) in base 